, 277
List the prime factors of 2979.
3, 331
What are the prime factors of 171308?
2, 113, 379
List the prime factors of 109340.
2, 5, 7, 11, 71
List the prime factors of 13921.
13921
List the prime factors of 1307.
1307
What are the prime factors of 814?
2, 11, 37
List the prime factors of 5246.
2, 43, 61
List the prime factors of 485.
5, 97
What are the prime factors of 2361?
3, 787
What are the prime factors of 22490?
2, 5, 13, 173
What are the prime factors of 13212?
2, 3, 367
What are the prime factors of 3440?
2, 5, 43
What are the prime factors of 354?
2, 3, 59
What are the prime factors of 43355?
5, 13, 23, 29
What are the prime factors of 50894?
2, 25447
List the prime factors of 4928.
2, 7, 11
List the prime factors of 78676.
2, 13, 17, 89
What are the prime factors of 3414?
2, 3, 569
What are the prime factors of 20007?
3, 13, 19
What are the prime factors of 17167?
17167
List the prime factors of 1776.
2, 3, 37
What are the prime factors of 4267?
17, 251
What are the prime factors of 1105?
5, 13, 17
List the prime factors of 20.
2, 5
List the prime factors of 5951.
11, 541
List the prime factors of 21873.
3, 23, 317
List the prime factors of 17424.
2, 3, 11
What are the prime factors of 3965?
5, 13, 61
List the prime factors of 2552.
2, 11, 29
List the prime factors of 412.
2, 103
What are the prime factors of 10855?
5, 13, 167
What are the prime factors of 69265?
5, 7, 1979
List the prime factors of 6495.
3, 5, 433
List the prime factors of 767.
13, 59
List the prime factors of 15623.
17, 919
List the prime factors of 1029.
3, 7
What are the prime factors of 42163?
11, 3833
What are the prime factors of 12829?
12829
List the prime factors of 439.
439
What are the prime factors of 9?
3
List the prime factors of 30075.
3, 5, 401
List the prime factors of 4630.
2, 5, 463
List the prime factors of 66147.
3, 17, 1297
List the prime factors of 356.
2, 89
What are the prime factors of 245?
5, 7
List the prime factors of 11717.
11717
What are the prime factors of 1964?
2, 491
What are the prime factors of 75404?
2, 7, 2693
List the prime factors of 14837.
37, 401
List the prime factors of 27974.
2, 71, 197
What are the prime factors of 12344?
2, 1543
What are the prime factors of 5370?
2, 3, 5, 179
List the prime factors of 54425.
5, 7, 311
List the prime factors of 196882.
2, 7, 41
List the prime factors of 223.
223
List the prime factors of 4157.
4157
What are the prime factors of 586?
2, 293
What are the prime factors of 97821?
3, 3623
List the prime factors of 1436.
2, 359
List the prime factors of 350.
2, 5, 7
What are the prime factors of 45734?
2, 13, 1759
What are the prime factors of 22606?
2, 89, 127
List the prime factors of 51452.
2, 19, 677
List the prime factors of 3138.
2, 3, 523
What are the prime factors of 28272?
2, 3, 19, 31
What are the prime factors of 46330?
2, 5, 41, 113
What are the prime factors of 897?
3, 13, 23
List the prime factors of 13937.
7, 11, 181
What are the prime factors of 31276?
2, 7, 1117
List the prime factors of 8196.
2, 3, 683
List the prime factors of 1474.
2, 11, 67
List the prime factors of 11.
11
List the prime factors of 1329.
3, 443
List the prime factors of 18330.
2, 3, 5, 13, 47
List the prime factors of 21884.
2, 5471
List the prime factors of 5376.
2, 3, 7
List the prime factors of 180550.
2, 5, 23, 157
List the prime factors of 98103.
3, 53, 617
List the prime factors of 20870.
2, 5, 2087
List the prime factors of 100689.
3, 33563
What are the prime factors of 54793?
157, 349
List the prime factors of 3893.
17, 229
What are the prime factors of 6744?
2, 3, 281
List the prime factors of 6964.
2, 1741
What are the prime factors of 14261?
13, 1097
List the prime factors of 21444.
2, 3, 1787
List the prime factors of 16608.
2, 3, 173
List the prime factors of 2048.
2
What are the prime factors of 396?
2, 3, 11
What are the prime factors of 370?
2, 5, 37
What are the prime factors of 7340?
2, 5, 367
What are the prime factors of 2524?
2, 631
List the prime factors of 1193.
1193
What are the prime factors of 4246?
2, 11, 193
List the prime factors of 3569.
43, 83
What are the prime factors of 6404?
2, 1601
What are the prime factors of 3358?
2, 23, 73
What are the prime factors of 66403?
66403
What are the prime factors of 8544?
2, 3, 89
List the prime factors of 3808.
2, 7, 17
What are the prime factors of 1047?
3, 349
What are the prime factors of 6541?
31, 211
What are the prime factors of 11385?
3, 5, 11, 23
List the prime factors of 41262.
2, 3, 13, 23
List the prime factors of 64273.
11, 5843
What are the prime factors of 4330?
2, 5, 433
What are the prime factors of 6680?
2, 5, 167
What are the prime factors of 4627?
7, 661
What are the prime factors of 5326?
2, 2663
What are the prime factors of 12816?
2, 3, 89
List the prime factors of 2915.
5, 11, 53
What are the prime factors of 577?
577
What are the prime factors of 409?
409
What are the prime factors of 4051?
4051
List the prime factors of 543.
3, 181
What are the prime factors of 106?
2, 53
List the prime factors of 926.
2, 463
List the prime factors of 1337.
7, 191
What are the prime factors of 31359?
3, 10453
List the prime factors of 105454.
2, 52727
What are the prime factors of 21967?
11, 1997
What are the prime factors of 50654?
2, 19, 31, 43
List the prime factors of 1698.
2, 3, 283
What are the prime factors of 26586?
2, 3, 7, 211
What are the prime factors of 14257?
53, 269
What are the prime factors of 74962?
2, 37, 1013
What are the prime factors of 501?
3, 167
List the prime factors of 624.
2, 3, 13
List the prime factors of 390.
2, 3, 5, 13
List the prime factors of 32837.
7, 4691
List the prime factors of 3960.
2, 3, 5, 11
What are the prime factors of 72174?
2, 3, 23, 523
List the prime factors of 1178.
2, 19, 31
List the prime factors of 2975.
5, 7, 17
List the prime factors of 2509.
13, 193
What are the prime factors of 20505?
3, 5, 1367
List the prime factors of 111.
3, 37
List the prime factors of 19669.
13, 17, 89
What are the prime factors of 11067?
3, 7, 17, 31
List the prime factors of 968.
2, 11
What are the prime factors of 3093?
3, 1031
What are the prime factors of 17499?
3, 19, 307
What are the prime factors of 30804?
2, 3, 17, 151
List the prime factors of 3412.
2, 853
List the prime factors of 19530.
2, 3, 5, 7, 31
What are the prime factors of 398?
2, 199
List the prime factors of 4319.
7, 617
What are the prime factors of 22935?
3, 5, 11, 139
What are the prime factors of 1484?
2, 7, 53
List the prime factors of 37319.
67, 557
List the prime factors of 40682.
2, 20341
List the prime factors of 2864.
2, 179
List the prime factors of 42934.
2, 21467
List the prime factors of 178740.
2, 3, 5, 331
List the prime factors of 8286.
2, 3, 1381
List the prime factors of 498.
2, 3, 83
List the prime factors of 48232.
2, 6029
List the prime factors of 70318.
2, 35159
What are the prime factors of 30188?
2, 7547
List the prime factors of 2524.
2, 631
What are the prime factors of 100484?
2, 25121
List the prime factors of 8907.
3, 2969
What are the prime factors of 9485?
5, 7, 271
List the prime factors of 6515.
5, 1303
List the prime factors of 2758.
2, 7, 197
List the prime factors of 3537.
3, 131
What are the prime factors of 179944?
2, 83, 271
List the prime factors of 19693.
47, 419
What are the prime factors of 1061?
1061
List the prime factors of 172627.
7, 13, 271
List the prime factors of 154.
2, 7, 11
List the prime factors of 9192.
2, 3, 383
What are the prime factors of 20406?
2, 3, 19, 179
What are the prime factors of 910?
2, 5, 7, 13
What are the prime factors of 5166?
2, 3, 7, 41
List the prime factors of 1670.
2, 5, 167
List the prime factors of 5600.
2, 5, 7
List the prime factors of 28109.
28109
List the prime factors of 2187.
3
List the prime factors of 835.
5, 167
What are the prime factors of 11518?
2, 13, 443
List the prime factors of 45892.
2, 7, 11, 149
What are the prime factors of 2477?
2477
List the prime factors of 1186.
2, 593
What are the prime factors of 2092?
2, 523
List the prime factors of 27651.
3, 13, 709
List the prime factors of 1041.
3, 347
What are the prime factors of 6129?
3, 227
List the prime factors of 116625.
3, 5, 311
List the prime factors of 21003.
3, 70